{"id":200,"date":"2025-10-08T11:57:46","date_gmt":"2025-10-08T09:57:46","guid":{"rendered":"https:\/\/coupigny-traiteur.pre-prod.ocean-communication.com\/?page_id=200"},"modified":"2025-10-09T13:47:45","modified_gmt":"2025-10-09T11:47:45","slug":"actualites","status":"publish","type":"page","link":"https:\/\/coupigny-traiteur.pre-prod.ocean-communication.com\/index.php\/actualites\/","title":{"rendered":"Actualit\u00e9s"},"content":{"rendered":"\t\t<div data-elementor-type=\"wp-page\" data-elementor-id=\"200\" class=\"elementor elementor-200\" data-elementor-post-type=\"page\">\n\t\t\t\t<div class=\"elementor-element elementor-element-6148f5b6 e-flex e-con-boxed e-con e-parent\" data-id=\"6148f5b6\" data-element_type=\"container\" data-settings=\"{&quot;background_background&quot;:&quot;classic&quot;}\">\n\t\t\t\t\t<div class=\"e-con-inner\">\n\t\t\t\t<div class=\"elementor-element elementor-element-3f1e76e9 elementor-widget__width-inherit elementor-invisible elementor-widget elementor-widget-heading\" data-id=\"3f1e76e9\" data-element_type=\"widget\" data-settings=\"{&quot;_animation&quot;:&quot;fadeIn&quot;}\" data-widget_type=\"heading.default\">\n\t\t\t\t\t<h2 class=\"elementor-heading-title elementor-size-default\">Actualit\u00e9s I Tendances traiteur<\/h2>\t\t\t\t<\/div>\n\t\t\t\t<div class=\"elementor-element elementor-element-210085c8 elementor-icon-list--layout-inline elementor-align-center elementor-list-item-link-full_width elementor-invisible elementor-widget elementor-widget-icon-list\" data-id=\"210085c8\" data-element_type=\"widget\" data-settings=\"{&quot;_animation&quot;:&quot;fadeIn&quot;,&quot;_animation_delay&quot;:200}\" data-widget_type=\"icon-list.default\">\n\t\t\t\t\t\t\t<ul class=\"elementor-icon-list-items elementor-inline-items\">\n\t\t\t\t\t\t\t<li class=\"elementor-icon-list-item elementor-inline-item\">\n\t\t\t\t\t\t\t\t\t\t\t<a href=\"#\">\n\n\t\t\t\t\t\t\t\t\t\t\t<span class=\"elementor-icon-list-text\">Accueil<\/span>\n\t\t\t\t\t\t\t\t\t\t\t<\/a>\n\t\t\t\t\t\t\t\t\t<\/li>\n\t\t\t\t\t\t\t\t<li class=\"elementor-icon-list-item elementor-inline-item\">\n\t\t\t\t\t\t\t\t\t\t\t<a href=\"#\">\n\n\t\t\t\t\t\t\t\t\t\t\t\t<span class=\"elementor-icon-list-icon\">\n\t\t\t\t\t\t\t<svg aria-hidden=\"true\" class=\"e-font-icon-svg e-fas-circle\" viewBox=\"0 0 512 512\" xmlns=\"http:\/\/www.w3.org\/2000\/svg\"><path d=\"M256 8C119 8 8 119 8 256s111 248 248 248 248-111 248-248S393 8 256 8z\"><\/path><\/svg>\t\t\t\t\t\t<\/span>\n\t\t\t\t\t\t\t\t\t\t<span class=\"elementor-icon-list-text\">Actualit\u00e9s<\/span>\n\t\t\t\t\t\t\t\t\t\t\t<\/a>\n\t\t\t\t\t\t\t\t\t<\/li>\n\t\t\t\t\t\t<\/ul>\n\t\t\t\t\t\t<\/div>\n\t\t\t\t\t<\/div>\n\t\t\t\t<\/div>\n\t\t<div class=\"elementor-element elementor-element-4aa6cfb e-flex e-con-boxed e-con e-parent\" data-id=\"4aa6cfb\" data-element_type=\"container\">\n\t\t\t\t\t<div class=\"e-con-inner\">\n\t\t<div class=\"elementor-element elementor-element-b97418d e-con-full e-flex e-con e-child\" data-id=\"b97418d\" data-element_type=\"container\">\n\t\t\t\t<div class=\"elementor-element elementor-element-1392e61 elementor-widget__width-inherit elementor-invisible elementor-widget elementor-widget-text-editor\" data-id=\"1392e61\" data-element_type=\"widget\" data-settings=\"{&quot;_animation&quot;:&quot;fadeIn&quot;}\" data-widget_type=\"text-editor.default\">\n\t\t\t\t\t\t\t\t\t<p>Actualit\u00e9s<\/p>\t\t\t\t\t\t\t\t<\/div>\n\t\t\t\t<div class=\"elementor-element elementor-element-c88d547 elementor-invisible elementor-widget elementor-widget-heading\" data-id=\"c88d547\" data-element_type=\"widget\" data-settings=\"{&quot;_animation&quot;:&quot;fadeIn&quot;,&quot;_animation_delay&quot;:200}\" data-widget_type=\"heading.default\">\n\t\t\t\t\t<h2 class=\"elementor-heading-title elementor-size-default\">Les Derni\u00e8res Nouvelles de Coupigny Traiteur<\/h2>\t\t\t\t<\/div>\n\t\t\t\t<\/div>\n\t\t\t\t\t<\/div>\n\t\t\t\t<\/div>\n\t\t<div class=\"elementor-element elementor-element-6eff8c76 e-flex e-con-boxed e-con e-parent\" data-id=\"6eff8c76\" data-element_type=\"container\">\n\t\t\t\t\t<div class=\"e-con-inner\">\n\t\t<div class=\"elementor-element elementor-element-f7033a5 e-con-full e-flex e-con e-child\" data-id=\"f7033a5\" data-element_type=\"container\">\n\t\t\t\t<div class=\"elementor-element elementor-element-7082932 elementor-posts--align-left elementor-grid-3 elementor-grid-tablet-2 elementor-grid-mobile-1 elementor-posts--thumbnail-top elementor-widget elementor-widget-posts\" data-id=\"7082932\" data-element_type=\"widget\" data-settings=\"{&quot;classic_row_gap&quot;:{&quot;unit&quot;:&quot;px&quot;,&quot;size&quot;:50,&quot;sizes&quot;:[]},&quot;classic_columns&quot;:&quot;3&quot;,&quot;classic_columns_tablet&quot;:&quot;2&quot;,&quot;classic_columns_mobile&quot;:&quot;1&quot;,&quot;classic_row_gap_tablet&quot;:{&quot;unit&quot;:&quot;px&quot;,&quot;size&quot;:&quot;&quot;,&quot;sizes&quot;:[]},&quot;classic_row_gap_mobile&quot;:{&quot;unit&quot;:&quot;px&quot;,&quot;size&quot;:&quot;&quot;,&quot;sizes&quot;:[]}}\" data-widget_type=\"posts.classic\">\n\t\t\t\t<div class=\"elementor-widget-container\">\n\t\t\t\t\t\t\t<div class=\"elementor-posts-container elementor-posts elementor-posts--skin-classic elementor-grid\" role=\"list\">\n\t\t\t\t<article class=\"elementor-post elementor-grid-item post-263 post type-post status-publish format-standard has-post-thumbnail hentry category-uncategorized\" role=\"listitem\">\n\t\t\t\t<a class=\"elementor-post__thumbnail__link\" href=\"https:\/\/coupigny-traiteur.pre-prod.ocean-communication.com\/index.php\/2025\/10\/08\/%f0%9f%8d%bd%ef%b8%8f-coupigny-traiteur-pour-vos-diners-dentreprise\/\" tabindex=\"-1\" >\n\t\t\t<div class=\"elementor-post__thumbnail\"><img fetchpriority=\"high\" decoding=\"async\" width=\"300\" height=\"200\" src=\"https:\/\/coupigny-traiteur.pre-prod.ocean-communication.com\/wp-content\/uploads\/2025\/10\/cropped-woman-taking-snack-from-buffet-table-300x200.jpg\" class=\"attachment-medium size-medium wp-image-264\" alt=\"Traiteur entreprise\" srcset=\"https:\/\/coupigny-traiteur.pre-prod.ocean-communication.com\/wp-content\/uploads\/2025\/10\/cropped-woman-taking-snack-from-buffet-table-300x200.jpg 300w, https:\/\/coupigny-traiteur.pre-prod.ocean-communication.com\/wp-content\/uploads\/2025\/10\/cropped-woman-taking-snack-from-buffet-table-1024x683.jpg 1024w, https:\/\/coupigny-traiteur.pre-prod.ocean-communication.com\/wp-content\/uploads\/2025\/10\/cropped-woman-taking-snack-from-buffet-table-768x512.jpg 768w, https:\/\/coupigny-traiteur.pre-prod.ocean-communication.com\/wp-content\/uploads\/2025\/10\/cropped-woman-taking-snack-from-buffet-table-1536x1024.jpg 1536w, https:\/\/coupigny-traiteur.pre-prod.ocean-communication.com\/wp-content\/uploads\/2025\/10\/cropped-woman-taking-snack-from-buffet-table-2048x1365.jpg 2048w\" sizes=\"(max-width: 300px) 100vw, 300px\" \/><\/div>\n\t\t<\/a>\n\t\t\t\t<div class=\"elementor-post__text\">\n\t\t\t\t<h3 class=\"elementor-post__title\">\n\t\t\t<a href=\"https:\/\/coupigny-traiteur.pre-prod.ocean-communication.com\/index.php\/2025\/10\/08\/%f0%9f%8d%bd%ef%b8%8f-coupigny-traiteur-pour-vos-diners-dentreprise\/\" >\n\t\t\t\t\ud83c\udf7d\ufe0f Coupigny Traiteur pour vos d\u00eeners d\u2019entreprise\t\t\t<\/a>\n\t\t<\/h3>\n\t\t\t\t<div class=\"elementor-post__excerpt\">\n\t\t\t<p>Offrez \u00e0 vos collaborateurs un moment d\u2019exception Organiser un d\u00eener d\u2019entreprise, c\u2019est bien plus qu\u2019un simple repas : c\u2019est un moment de partage, de coh\u00e9sion<\/p>\n\t\t<\/div>\n\t\t\n\t\t<a class=\"elementor-post__read-more\" href=\"https:\/\/coupigny-traiteur.pre-prod.ocean-communication.com\/index.php\/2025\/10\/08\/%f0%9f%8d%bd%ef%b8%8f-coupigny-traiteur-pour-vos-diners-dentreprise\/\" aria-label=\"En savoir plus sur \ud83c\udf7d\ufe0f Coupigny Traiteur pour vos d\u00eeners d\u2019entreprise\" tabindex=\"-1\" >\n\t\t\tLire la suite \u00bb\t\t<\/a>\n\n\t\t\t\t<\/div>\n\t\t\t\t<\/article>\n\t\t\t\t<article class=\"elementor-post elementor-grid-item post-260 post type-post status-publish format-standard has-post-thumbnail hentry category-uncategorized\" role=\"listitem\">\n\t\t\t\t<a class=\"elementor-post__thumbnail__link\" href=\"https:\/\/coupigny-traiteur.pre-prod.ocean-communication.com\/index.php\/2025\/10\/08\/%f0%9f%92%8d-pourquoi-choisir-un-traiteur-pour-votre-mariage\/\" tabindex=\"-1\" >\n\t\t\t<div class=\"elementor-post__thumbnail\"><img decoding=\"async\" width=\"300\" height=\"200\" src=\"https:\/\/coupigny-traiteur.pre-prod.ocean-communication.com\/wp-content\/uploads\/2025\/10\/buffet-reception-assortment-canapes-wooden-board-1-300x200.jpg\" class=\"attachment-medium size-medium wp-image-261\" alt=\"Traiteur Mariage\" srcset=\"https:\/\/coupigny-traiteur.pre-prod.ocean-communication.com\/wp-content\/uploads\/2025\/10\/buffet-reception-assortment-canapes-wooden-board-1-300x200.jpg 300w, https:\/\/coupigny-traiteur.pre-prod.ocean-communication.com\/wp-content\/uploads\/2025\/10\/buffet-reception-assortment-canapes-wooden-board-1-1024x684.jpg 1024w, https:\/\/coupigny-traiteur.pre-prod.ocean-communication.com\/wp-content\/uploads\/2025\/10\/buffet-reception-assortment-canapes-wooden-board-1-768x513.jpg 768w, https:\/\/coupigny-traiteur.pre-prod.ocean-communication.com\/wp-content\/uploads\/2025\/10\/buffet-reception-assortment-canapes-wooden-board-1-1536x1025.jpg 1536w, https:\/\/coupigny-traiteur.pre-prod.ocean-communication.com\/wp-content\/uploads\/2025\/10\/buffet-reception-assortment-canapes-wooden-board-1-2048x1367.jpg 2048w\" sizes=\"(max-width: 300px) 100vw, 300px\" \/><\/div>\n\t\t<\/a>\n\t\t\t\t<div class=\"elementor-post__text\">\n\t\t\t\t<h3 class=\"elementor-post__title\">\n\t\t\t<a href=\"https:\/\/coupigny-traiteur.pre-prod.ocean-communication.com\/index.php\/2025\/10\/08\/%f0%9f%92%8d-pourquoi-choisir-un-traiteur-pour-votre-mariage\/\" >\n\t\t\t\t\ud83d\udc8d Pourquoi choisir un traiteur pour votre mariage ?\t\t\t<\/a>\n\t\t<\/h3>\n\t\t\t\t<div class=\"elementor-post__excerpt\">\n\t\t\t<p>Faites de votre mariage un moment inoubliable Le mariage est un \u00e9v\u00e9nement unique, rempli d\u2019\u00e9motions et de symboles. Entre la c\u00e9r\u00e9monie, la d\u00e9coration et la<\/p>\n\t\t<\/div>\n\t\t\n\t\t<a class=\"elementor-post__read-more\" href=\"https:\/\/coupigny-traiteur.pre-prod.ocean-communication.com\/index.php\/2025\/10\/08\/%f0%9f%92%8d-pourquoi-choisir-un-traiteur-pour-votre-mariage\/\" aria-label=\"En savoir plus sur \ud83d\udc8d Pourquoi choisir un traiteur pour votre mariage ?\" tabindex=\"-1\" >\n\t\t\tLire la suite \u00bb\t\t<\/a>\n\n\t\t\t\t<\/div>\n\t\t\t\t<\/article>\n\t\t\t\t<article class=\"elementor-post elementor-grid-item post-249 post type-post status-publish format-standard has-post-thumbnail hentry category-uncategorized\" role=\"listitem\">\n\t\t\t\t<a class=\"elementor-post__thumbnail__link\" href=\"https:\/\/coupigny-traiteur.pre-prod.ocean-communication.com\/index.php\/2025\/10\/08\/%f0%9f%a5%82-tendances-traiteurs-2025-les-innovations-pour-vos-receptions-reussies\/\" tabindex=\"-1\" >\n\t\t\t<div class=\"elementor-post__thumbnail\"><img decoding=\"async\" width=\"300\" height=\"200\" src=\"https:\/\/coupigny-traiteur.pre-prod.ocean-communication.com\/wp-content\/uploads\/2025\/10\/midsection-man-preparing-food-300x200.jpg\" class=\"attachment-medium size-medium wp-image-273\" alt=\"\" srcset=\"https:\/\/coupigny-traiteur.pre-prod.ocean-communication.com\/wp-content\/uploads\/2025\/10\/midsection-man-preparing-food-300x200.jpg 300w, https:\/\/coupigny-traiteur.pre-prod.ocean-communication.com\/wp-content\/uploads\/2025\/10\/midsection-man-preparing-food-1024x683.jpg 1024w, https:\/\/coupigny-traiteur.pre-prod.ocean-communication.com\/wp-content\/uploads\/2025\/10\/midsection-man-preparing-food-768x512.jpg 768w, https:\/\/coupigny-traiteur.pre-prod.ocean-communication.com\/wp-content\/uploads\/2025\/10\/midsection-man-preparing-food-1536x1024.jpg 1536w, https:\/\/coupigny-traiteur.pre-prod.ocean-communication.com\/wp-content\/uploads\/2025\/10\/midsection-man-preparing-food-2048x1365.jpg 2048w\" sizes=\"(max-width: 300px) 100vw, 300px\" \/><\/div>\n\t\t<\/a>\n\t\t\t\t<div class=\"elementor-post__text\">\n\t\t\t\t<h3 class=\"elementor-post__title\">\n\t\t\t<a href=\"https:\/\/coupigny-traiteur.pre-prod.ocean-communication.com\/index.php\/2025\/10\/08\/%f0%9f%a5%82-tendances-traiteurs-2025-les-innovations-pour-vos-receptions-reussies\/\" >\n\t\t\t\t\ud83e\udd42 Tendances traiteurs 2025 : les innovations pour vos r\u00e9ceptions r\u00e9ussies\t\t\t<\/a>\n\t\t<\/h3>\n\t\t\t\t<div class=\"elementor-post__excerpt\">\n\t\t\t<p>Un regard sur les nouvelles attentes culinaires En 2025, le m\u00e9tier de traiteur ne se r\u00e9sume plus \u00e0 la simple pr\u00e9paration d\u2019un repas. Les r\u00e9ceptions<\/p>\n\t\t<\/div>\n\t\t\n\t\t<a class=\"elementor-post__read-more\" href=\"https:\/\/coupigny-traiteur.pre-prod.ocean-communication.com\/index.php\/2025\/10\/08\/%f0%9f%a5%82-tendances-traiteurs-2025-les-innovations-pour-vos-receptions-reussies\/\" aria-label=\"En savoir plus sur \ud83e\udd42 Tendances traiteurs 2025 : les innovations pour vos r\u00e9ceptions r\u00e9ussies\" tabindex=\"-1\" >\n\t\t\tLire la suite \u00bb\t\t<\/a>\n\n\t\t\t\t<\/div>\n\t\t\t\t<\/article>\n\t\t\t\t<\/div>\n\t\t\n\t\t\t\t\t\t<\/div>\n\t\t\t\t<\/div>\n\t\t\t\t<\/div>\n\t\t\t\t\t<\/div>\n\t\t\t\t<\/div>\n\t\t<div class=\"elementor-element elementor-element-0daa386 e-con-full e-flex elementor-invisible e-con e-parent\" data-id=\"0daa386\" data-element_type=\"container\" data-settings=\"{&quot;animation&quot;:&quot;fadeIn&quot;}\">\n\t\t<div class=\"elementor-element elementor-element-892e8a9 e-con-full e-flex e-con e-child\" data-id=\"892e8a9\" data-element_type=\"container\" data-settings=\"{&quot;background_background&quot;:&quot;classic&quot;}\">\n\t\t\t\t<div class=\"elementor-element elementor-element-3384ce4 elementor-widget-divider--view-line elementor-widget elementor-widget-divider\" data-id=\"3384ce4\" data-element_type=\"widget\" data-widget_type=\"divider.default\">\n\t\t\t\t\t\t\t<div class=\"elementor-divider\">\n\t\t\t<span class=\"elementor-divider-separator\">\n\t\t\t\t\t\t<\/span>\n\t\t<\/div>\n\t\t\t\t\t\t<\/div>\n\t\t\t\t<\/div>\n\t\t<div class=\"elementor-element elementor-element-afc14ca e-con-full e-flex e-con e-child\" data-id=\"afc14ca\" data-element_type=\"container\" data-settings=\"{&quot;background_background&quot;:&quot;classic&quot;}\">\n\t\t\t\t<div class=\"elementor-element elementor-element-6b2cb7f elementor-widget elementor-widget-heading\" data-id=\"6b2cb7f\" data-element_type=\"widget\" data-widget_type=\"heading.default\">\n\t\t\t\t\t<div class=\"elementor-heading-title elementor-size-default\">Un \u00e9v\u00e8nement ? <\/div>\t\t\t\t<\/div>\n\t\t\t\t<div class=\"elementor-element elementor-element-1b06511 elementor-align-center elementor-icon-list--layout-traditional elementor-list-item-link-full_width elementor-widget elementor-widget-icon-list\" data-id=\"1b06511\" data-element_type=\"widget\" data-widget_type=\"icon-list.default\">\n\t\t\t\t\t\t\t<ul class=\"elementor-icon-list-items\">\n\t\t\t\t\t\t\t<li class=\"elementor-icon-list-item\">\n\t\t\t\t\t\t\t\t\t\t\t<a href=\"#\">\n\n\t\t\t\t\t\t\t\t\t\t\t<span class=\"elementor-icon-list-text\">61 Bd Stanislas Girardin, 76140 Le Petit-Quevilly<\/span>\n\t\t\t\t\t\t\t\t\t\t\t<\/a>\n\t\t\t\t\t\t\t\t\t<\/li>\n\t\t\t\t\t\t\t\t<li class=\"elementor-icon-list-item\">\n\t\t\t\t\t\t\t\t\t\t\t<a href=\"tel:0660760694\">\n\n\t\t\t\t\t\t\t\t\t\t\t<span class=\"elementor-icon-list-text\">06 60 76 06 94<\/span>\n\t\t\t\t\t\t\t\t\t\t\t<\/a>\n\t\t\t\t\t\t\t\t\t<\/li>\n\t\t\t\t\t\t\t\t<li class=\"elementor-icon-list-item\">\n\t\t\t\t\t\t\t\t\t\t\t<a href=\"mailto:coupignytraiteur@torac.com\">\n\n\t\t\t\t\t\t\t\t\t\t\t<span class=\"elementor-icon-list-text\">coupignytraiteur@torac.com<\/span>\n\t\t\t\t\t\t\t\t\t\t\t<\/a>\n\t\t\t\t\t\t\t\t\t<\/li>\n\t\t\t\t\t\t<\/ul>\n\t\t\t\t\t\t<\/div>\n\t\t\t\t<div class=\"elementor-element elementor-element-aab488c elementor-align-center elementor-mobile-align-center elementor-invisible elementor-widget elementor-widget-button\" data-id=\"aab488c\" data-element_type=\"widget\" data-settings=\"{&quot;_animation&quot;:&quot;fadeIn&quot;,&quot;_animation_delay&quot;:600}\" data-widget_type=\"button.default\">\n\t\t\t\t\t\t\t\t\t\t<a class=\"elementor-button elementor-button-link elementor-size-sm\" href=\"#\">\n\t\t\t\t\t\t<span class=\"elementor-button-content-wrapper\">\n\t\t\t\t\t\t\t\t\t<span class=\"elementor-button-text\">Contactez-nous<\/span>\n\t\t\t\t\t<\/span>\n\t\t\t\t\t<\/a>\n\t\t\t\t\t\t\t\t<\/div>\n\t\t\t\t<\/div>\n\t\t<div class=\"elementor-element elementor-element-231152e e-con-full e-flex e-con e-child\" data-id=\"231152e\" data-element_type=\"container\" data-settings=\"{&quot;background_background&quot;:&quot;classic&quot;}\">\n\t\t<div class=\"elementor-element elementor-element-ec941f1 e-con-full e-flex e-con e-child\" data-id=\"ec941f1\" data-element_type=\"container\" data-settings=\"{&quot;background_background&quot;:&quot;classic&quot;}\">\n\t\t\t\t<div class=\"elementor-element elementor-element-56af84f elementor-widget-divider--view-line elementor-widget elementor-widget-divider\" data-id=\"56af84f\" data-element_type=\"widget\" data-widget_type=\"divider.default\">\n\t\t\t\t\t\t\t<div class=\"elementor-divider\">\n\t\t\t<span class=\"elementor-divider-separator\">\n\t\t\t\t\t\t<\/span>\n\t\t<\/div>\n\t\t\t\t\t\t<\/div>\n\t\t\t\t<\/div>\n\t\t<div class=\"elementor-element elementor-element-e186694 e-flex e-con-boxed e-con e-child\" data-id=\"e186694\" data-element_type=\"container\" data-settings=\"{&quot;background_background&quot;:&quot;classic&quot;}\">\n\t\t\t\t\t<div class=\"e-con-inner\">\n\t\t\t\t<div class=\"elementor-element elementor-element-e26b19e elementor-widget-divider--view-line elementor-widget elementor-widget-divider\" data-id=\"e26b19e\" data-element_type=\"widget\" data-widget_type=\"divider.default\">\n\t\t\t\t\t\t\t<div class=\"elementor-divider\">\n\t\t\t<span class=\"elementor-divider-separator\">\n\t\t\t\t\t\t<\/span>\n\t\t<\/div>\n\t\t\t\t\t\t<\/div>\n\t\t\t\t\t<\/div>\n\t\t\t\t<\/div>\n\t\t\t\t<\/div>\n\t\t\t\t<\/div>\n\t\t\t\t<\/div>\n\t\t","protected":false},"excerpt":{"rendered":"<p>Actualit\u00e9s I Tendances traiteur Accueil Actualit\u00e9s Actualit\u00e9s Les Derni\u00e8res Nouvelles de Coupigny Traiteur Un \u00e9v\u00e8nement ? 61 Bd Stanislas Girardin, 76140 Le Petit-Quevilly 06 60 76 06 94 coupignytraiteur@torac.com Contactez-nous<\/p>\n","protected":false},"author":1,"featured_media":0,"parent":0,"menu_order":0,"comment_status":"closed","ping_status":"closed","template":"elementor_header_footer","meta":{"footnotes":""},"class_list":["post-200","page","type-page","status-publish","hentry"],"_links":{"self":[{"href":"https:\/\/coupigny-traiteur.pre-prod.ocean-communication.com\/index.php\/wp-json\/wp\/v2\/pages\/200","targetHints":{"allow":["GET"]}}],"collection":[{"href":"https:\/\/coupigny-traiteur.pre-prod.ocean-communication.com\/index.php\/wp-json\/wp\/v2\/pages"}],"about":[{"href":"https:\/\/coupigny-traiteur.pre-prod.ocean-communication.com\/index.php\/wp-json\/wp\/v2\/types\/page"}],"author":[{"embeddable":true,"href":"https:\/\/coupigny-traiteur.pre-prod.ocean-communication.com\/index.php\/wp-json\/wp\/v2\/users\/1"}],"replies":[{"embeddable":true,"href":"https:\/\/coupigny-traiteur.pre-prod.ocean-communication.com\/index.php\/wp-json\/wp\/v2\/comments?post=200"}],"version-history":[{"count":25,"href":"https:\/\/coupigny-traiteur.pre-prod.ocean-communication.com\/index.php\/wp-json\/wp\/v2\/pages\/200\/revisions"}],"predecessor-version":[{"id":437,"href":"https:\/\/coupigny-traiteur.pre-prod.ocean-communication.com\/index.php\/wp-json\/wp\/v2\/pages\/200\/revisions\/437"}],"wp:attachment":[{"href":"https:\/\/coupigny-traiteur.pre-prod.ocean-communication.com\/index.php\/wp-json\/wp\/v2\/media?parent=200"}],"curies":[{"name":"wp","href":"https:\/\/api.w.org\/{rel}","templated":true}]}}